
Suppose 4*w - 8 = 0, 2*p - w = -0*w + 20. Let t(i) = -i + 4*i - 4*i - p. Give t(-9).
-2
Let w(x) be the third derivative of -x**4/24 + x**3/3 - 174*x**2. Calculate w(8).
-6
Let z(n) = -37*n**2 - 93*n + 7. Let q(a) = 20*a**2 + 47*a - 3. Let b(i) = 11*q(i) + 6*z(i). What is b(-21)?
-12
Let v be (3 - 3)/(1*-2). Suppose v = -d - d + 8. Let o(j) = j**3 - j**2 + 1. Let b(c) = -3*c**3 + 5*c**2 - 1. Let i(y) = -b(y) - 2*o(y). What is i(d)?
15
Let h(k) be the third derivative of -1/120*k**6 - 24*k**2 - 7/24*k**4 + 0*k + 0 - 7/60*k**5 + 0*k**3. Let p be -4*(-3)/6 + -8. Calculate h(p).
6
Let l(o) = o**3 - 11*o**2 + 9*o + 8. Suppose -5*q + c + 49 = 0, -3*c + 33 = 19*q - 16*q. Determine l(q).
-2
Suppose 3*h - 8 = -2*s + 3, -3*h + 3 = 0. Let b(v) = v**2 - 4*v - 12. Let o be 445/65 + 6/39. Let x(p) = p**2 - 4*p - 11. Let t(d) = o*x(d) - 6*b(d). Give t(s).
-5
Let z(d) = 2*d**3 - 4*d**2 - 7. Let p be z(3). Let n(t) = -t**2 + 9*t + 16. Give n(p).
-6
Let f(h) be the first derivative of h**4/4 + 4*h**3/3 - 2*h**2 + 5*h - 38. Calculate f(-5).
0
Suppose 9*f = 68 - 122. Let z(g) = g**2 + 7*g - 5. Determine z(f).
-11
Let r(p) = 3*p**3 - p**2 - 2*p - 1. Let q be r(-1). Let g be -9*3/6*-2 + q. Let b(x) = -x**2 + 7*x + 5. Calculate b(g).
11
Let u(b) be the first derivative of -2*b**2 + 7*b - 82. What is u(-8)?
39
Suppose -8 = -4*a + 16. Let h = -37 + 42. Let i(u) = 4*u + 3*u - 2 - h*u - u. Give i(a).
4
Let t = -28 + 28. Let h(b) = 2*b + 1 + t*b + 5*b. What is h(1)?
8
Let b(d) = 2*d - 48. Let l(w) = -2*w + 54. Let y(f) = -4*b(f) - 3*l(f). What is y(17)?
-4
Let v(n) = 11*n + 40 - 31 - n**2 - n**2 + 2*n**2 - 3*n**2. Calculate v(4).
5
Let t(h) be the second derivative of 5*h**3/6 - h**2/2 - 54*h. What is t(1)?
4
Let l(s) be the first derivative of 3*s**2 - s + 11. Let u = -8 + 7. Let q(x) = -2*x - 1. Let w be q(u). What is l(w)?
5
Let p(l) be the third derivative of -l**5/30 - 5*l**4/8 + 235*l**2. Give p(-7).
7
Let f(d) = -d**3 + 4*d**2 + 3*d. Let v be 8/(-14) + (3 - 18/(-7)). Determine f(v).
-10
Suppose 0*z + o = z - 1, 4*o = -2*z + 8. Suppose -5*q = c - 45, q = -3*c - z*q + 99. Let m = -35 + c. Let x(p) = -2*p. Give x(m).
10
Let o(a) = 5*a - 55. Let b(d) = -3*d + 29. Let c(t) = 11*b(t) + 6*o(t). What is c(-6)?
7
Let y(o) = o**3 - 5*o**2 + 2*o - 7. Suppose 25*z - 124 = 1. Determine y(z).
3
Let d(h) = -h**3 - 8*h**2 + h - 1. Let u = 148 - 156. Calculate d(u).
-9
Let j(l) = -4 - 6 - 250*l + 249*l. What is j(-3)?
-7
Suppose 112*u - 117*u = -10. Suppose u*c + 1 = -h, 0*c = -4*h + c - 31. Let p(r) = -r**3 - 7*r**2 - 9. Determine p(h).
-9
Let x(d) = -d**2 + 5*d - 6. Let o be 0*(3 + (-12)/3). Let k(u) = 1 + 2*u**3 - u + 3 - u**3 + u**2. Let q be k(o). Give x(q).
-2
Let w(q) = q**3 - 8*q**2 + q + 5. Let g(v) = v**2 - 29*v + 52. Let c be g(27). Let m(r) = r**3 - 8*r**2 + 2*r + 6. Let z(s) = c*m(s) + 3*w(s). Determine z(8).
-5
Let o(a) = -3*a + 6. Suppose 2*m = -5 + 33. Let g be 192/56 - (-8)/m. Calculate o(g).
-6
Suppose -18 = 4*y + 82. Let q = -19 - y. Let v(i) = i**2 - 2*i - 3. Calculate v(q).
21
Let u(k) = -23*k + 81 - 158 + 76. Calculate u(1).
-24
Let l(c) = 0*c + 2*c - 3*c + 6 - c. Suppose -w = 2*r - 18 + 7, 0 = 3*r - 5*w - 49. Suppose -2*h = -r, 5*x - 3 - 5 = 3*h. What is l(x)?
-2
Let s(q) = -343*q - q**2 + 667*q - 335*q - 10. Determine s(-7).
18
Let x(b) = -3*b + 5*b + 10 - 2*b + 2*b. Let v be x(-6). Let o be (v/7)/((-6)/84). Let p(f) = f**2 - 4*f - 1. Give p(o).
-1
Let l(b) be the second derivative of 1/2*b**2 + 0 - 1/12*b**4 + 1/2*b**3 + 6*b. Determine l(3).
1
Let v(h) be the second derivative of -h**4/12 - 5*h**3/6 - 2*h**2 - 6*h. Suppose -5*f = -f. Suppose x + 2*x + 12 = f. Give v(x).
0
Suppose -20 = 5*o + 4*y, -o = 5*y + 24 + 1. Suppose o = -6*v + 919 + 431. Let t(j) = -225*j + v*j + 1 - j**2. Give t(0).
1
Let v(x) = -x**3 + 6*x**2 + 5*x - 1. Suppose 0 = k - 1 + 3, 49 = -c - 2*k. Let p = -38 - c. What is v(p)?
-15
Let z(b) = b**3 + 10*b**2 - 36*b + 30. Let i be z(-13). Let c(t) = -t**2 - 9*t + 10. Calculate c(i).
10
Let h = -54 - -56. Let v(s) = -6 + 78*s**h - 39*s**2 + 8*s - 38*s**2. Calculate v(-9).
3
Suppose z = 5*z + 8. Let w be z - ((-3)/1 + 1). Let r(l) = l**3 + w*l + l**3 - l**3 + 4 - 5*l + 5*l**2. Calculate r(-6).
-2
Suppose 0 = 232*x - 233*x - 13. Let v = x + 4. Let k(y) = y**2 + 10*y + 3. What is k(v)?
-6
Let b(i) = -i. Let a(x) = x**2 + 12*x + 4. Let r(k) = -a(k) - 4*b(k). Suppose 5*h = -5*p - 230, -p + 2*p + 4 = 0. Let d = h + 37. Calculate r(d).
11
Let k(o) = -2*o + 18. Let y be (-4)/36*-6*(13 + -1). Calculate k(y).
2
Let u = -443 + 440. Let k(o) = -2*o + 7. Determine k(u).
13
Let k(m) be the first derivative of -m**3/3 - 5*m**2/2 + 8*m - 400. Determine k(-7).
-6
Let n be 2 - 2/(4/(-6)). Let z(l) = 2 - n*l - 8 - 2*l - l**2. Calculate z(-5).
4
Let s(j) = -448*j**2 + 10*j + 445*j**2 - 2 - 2*j - 3*j. Give s(5).
-52
Let m(i) = 3*i**2 + 2*i - 1. Suppose y + 2*y = 4*z - 118, -2 = -y. Let n = -33 + z. Determine m(n).
7
Suppose 5*b + b = -30. Let r(v) = -7*v - 6*v**2 - 5*v**3 + 5*v**3 - 7 - v**3. Determine r(b).
3
Let p(a) = 2*a**2 + 5*a + 2. Let g be p(-3). Let h(q) be the second derivative of 1/2*q**3 - 1/20*q**5 - 3*q + 0 - 2*q**2 + 5/12*q**4. What is h(g)?
11
Let k(w) = -w**2 + 7*w - 3. Let t be (-4)/12 - (-11)/(-3). Let u be -40 - (2 - 4) - t. Let l = u + 40. Give k(l).
3
Let x = -240 + 238. Let h(u) = -6*u - 3. Give h(x).
9
Let f(l) be the third derivative of 7*l**4/24 - 5*l**3/2 + 164*l**2. Calculate f(7).
34
Let q(u) be the second derivative of u**4/12 + 4*u**3/3 + 7*u**2/2 + 4*u. Suppose -6*k + 95 = -25. Suppose -20 = 4*x + v - 2*v, 4*x = -v - k. What is q(x)?
-8
Let y = 3 - -18. Let n(l) = 2 - 1 + l + 0 + y*l**2. Give n(-1).
21
Let z be -1*(-6 + 1 + 2). Suppose z = r - 0. Let k(s) = 8*s**2 + 5*s + s**r - 3*s**2 - 2*s. Determine k(-3).
9
Suppose 4*u - 4*p + 5 = -7, -5 = 5*u + 5*p. Let a(g) be the second derivative of g**5/20 + g**4/3 + g**3/3 + 21*g. What is a(u)?
4
Let k(s) = -4 + 3 + 2 + 2*s. Suppose 12*b = 17*b + 740. Let g = -151 - b. What is k(g)?
-5
Let x(d) be the second derivative of -d**4/6 + 11*d**3/6 - 3*d**2/2 - 3*d + 22. Give x(6).
-9
Let f(r) be the first derivative of r**4/4 + 5*r**3/3 + 4*r - 94. Calculate f(-5).
4
Let u be (1*-2 - 9)*-1. Let q(z) = 6*z - 5. Let i(a) = 17*a - 15. Let s(j) = u*q(j) - 4*i(j). Let g(h) = -54*h + 274. Let b be g(5). What is s(b)?
-3
Let s(d) = d**3 + 4*d**2 - 16*d - 19. Let a be s(-6). Let y(w) = w**3 - 4*w**2 - 5*w + 4. Give y(a).
4
Let t(b) = -7*b**3 + b**2 - b - 3. Let a(q) = 24*q**3 - 2*q**2 + 2*q + 10. Let h(u) = -2*a(u) - 7*t(u). Give h(4).
29
Let w(q) = -4 + 3 - 2 + q**3 - 5*q + 12*q**2 + 1 + 15*q. Give w(-11).
9
Let t(m) = 0*m - 7*m - 4*m - 3 + 10*m. Let x(q) = -q**3 - 6*q**2 - q - 4. Let f be x(-6). Suppose f*u - 12 = -4*i, -i - u + 5*u + 21 = 0. What is t(i)?
-8
Suppose 0 = -10*f - f - 1430. Let x = f - -136. Let c(p) = -p**3 + 6*p**2 + 5*p - 8. Give c(x).
22
Let z(t) = -t + 4. Let o be z(0). Let x(w) be the second derivative of w**5/20 - w**4/4 - 5*w**3/6 + w**2/2 - 435*w. Determine x(o).
-3
Suppose 5 = 5*k - 0. Suppose 3*d + k = -17. Let u(b) be the third derivative of b**4/8 + 3*b**3/2 - 127*b**2. What is u(d)?
-9
Let n(m) = -m**2 + 8*m - 6. Let c be n(7). Let g(j) be the first derivative of 5*j**4/4 + j**3/3 - j**2/2 + j - 650. What is g(c)?
6
Let d = 38 + -36. Let f(l) = 2 - 9*l + 6*l + d - 7*l + l**2. Determine f(9).
-5
Suppose 8*b = 65 + 7. Let o(u) = b - 20*u + u**2 + 4*u + 6*u. Determine o(6).
-15
Let w(n) be the third derivative of -n**5/60 - n**4/6 + n**3/3 + 109*n**2. Let a(p) = p + 1. Let v be a(-7). Calculate w(v).
-10
Let b(g) = -g**2 + 5*g - 5. Suppose -14 - 10 = -4*f. What is b(f)?
-11
Let a be (-3)/(18/4)*-3. Let n(i) be the third derivative of -i**5/24 + 53*i**3/6 - 7*i**2. Let d(j) be the first derivative of n(j). Calculate d(a).
-10
Let s(k) = -2*k**2 - 8*k + 11. Let u(p) be the second derivative of p**4/4 + 8*p**3/3 - 21*p**2/2 - 25*p. Let g(o) = -5*s(o) - 3*u(o). Determine g(7).
1
Let p be ((-4)/(-6))/(1/(-3)). Let x(r) be the third derivative of -1/120*r**6 + 1/24*r**4 + 9*r**2 + 0 + 1/3*r**3 - 1/60*r**5 + 0*r. What is x(p)?
4
Let o(z) = 7*z**3 - 5*z**2 - 4*z + 9. Let d(a) = 2*a**3 - a**2 - a + 2. Let r(q) = 5*d(q) - o(q). Calculate r(-2).
-21
Let r = 382 - 385. Let a(s) 